ert 325334 (base 8) to base 16.
1aadc
What is -22222012120022 (base 3) in base 10?
-4767344
-232223100 (base 5) to base 4
-10001200313
Convert -1310111312 (base 4) to base 15.
-962de
What is 11363761 (base 9) in base 2?
10101000111000000100100
What is -770213 (base 8) in base 9?
-433144
What is -1596408 (base 11) in base 6?
-134122555
What is 11299205 (base 10) in base 13?
2458028
Convert -112213133 (base 4) to base 6.
-1552515
What is 3742275 (base 8) in base 5?
231032110
Convert -bb246 (base 12) to base 7.
-2050263
What is 3386250 (base 9) in base 16?
1be6bb
Convert -1509381 (base 10) to base 2.
-101110000100000000101
What is -111122233223 (base 4) in base 11?
-3195346
What is 402554 (base 13) in base 7?
15445265
What is 132222002323 (base 4) in base 15?
a8b2e4
What is 170a0 (base 11) in base 14?
8ab2
Convert -4d264b (base 14) to base 2.
-1010001000110010011011
Convert 357d78 (base 15) to base 7.
30512321
What is 2012454 (base 6) in base 7?
544414
-3c497 (base 13) to base 7
-650000
302323233 (base 4) to base 15
41c33
Convert -19792 (base 15) to base 6.
-1434532
Convert -10102001210 (base 3) to base 7.
-366450
Convert -2010102001200 (base 3) to base 8.
-4237013
What is 98cb (base 14) in base 7?
140044
12656622 (base 7) to base 5
300032211
11454353 (base 6) to base 13
ca2ab
Convert 20121121 (base 4) to base 7.
202162
3080e (base 16) to base 3
101002112011
-1000100000111111111 (base 2) to base 10
-279039
3aa546 (base 11) to base 2
10011101000111001000
144100230 (base 5) to base 8
2735457
-410024031 (base 5) to base 9
-3072838
What is -211011141 (base 5) in base 11?
-548aa9
Convert 320012113 (base 4) to base 2.
111000000110010111
-101000010001100111 (base 2) to base 9
-271256
212100120000 (base 3) to base 14
bd73d
What is -5475514 (base 8) in base 9?
-2685052
3a149 (base 11) to base 15
12022
-3010323123 (base 4) to base 2
-11000100111011011011
Convert 404325 (base 9) to base 11.
153937
Convert 110100011101110101 (base 2) to base 10.
214901
Convert 351516 (base 9) to base 3.
101201120120
Convert 5b0660 (base 12) to base 2.
101100111101010101000
What is 120112101102210 (base 3) in base 2?
11111011111010101000001
-319a58 (base 13) to base 7
-12615342
bc4cd (base 14) to base 13
12ca00
Convert -239596 (base 10) to base 12.
-b67a4
Convert 1235d (base 16) to base 13.
27c48
-132056 (base 8) to base 5
-2434001
23b62 (base 14) to base 11
5a65a
-33534132 (base 6) to base 12
-414348
What is -1120441410 (base 5) in base 15?
-34a3c0
-11101001001001001100 (base 2) to base 3
-1210111221202
What is -434362 (base 7) in base 14?
-1d9a2
Convert 12102011120 (base 3) to base 6.
2141153
What is -415799 (base 13) in base 14?
-2ba1bd
-21103302 (base 6) to base 3
-1011020201002
Convert 12c060 (base 13) to base 6.
13425453
12210245 (base 7) to base 16
10b54b
Convert -a56b9 (base 12) to base 8.
-647655
Convert 1265652 (base 12) to base 13.
998813
What is 23330101 (base 4) in base 15?
e75d
Convert 307642 (base 9) to base 2.
101100100111110110
-69ad4 (base 14) to base 12
-104b0a
-314433 (base 8) to base 2
-11001100100011011
Convert 12210120110 (base 3) to base 13.
3cc51
Convert b2ab4 (base 13) to base 5.
40223102
Convert 57476 (base 8) to base 7.
131041
Convert -387482 (base 11) to base 12.
-255138
Convert -22101001202212 (base 3) to base 10.
-4449650
What is -313123311 (base 4) in base 9?
-375420
What is -311450310 (base 6) in base 10?
-5403138
Convert 89558 (base 14) to base 2.
1010001010100011010
21202002001 (base 3) to base 6
3133344
Convert 2113433 (base 5) to base 14.
cd13
Convert -100220212 (base 4) to base 3.
-10110110111
Convert 113373 (base 8) to base 6.
454535
Convert -5988ca (base 15) to base 11.
-2464824
Convert 1cda8 (base 15) to base 6.
2004052
3caa25 (base 14) to base 4
20001221121
Convert -35817785 (base 9) to base 5.
-13434201222
Convert -241621 (base 15) to base 16.
-1a5636
What is 22220240 (base 5) in base 4?
233213332
What is -25bc47 (base 13) in base 2?
-11011110100100011101
Convert -1340402113 (base 5) to base 9.
-6437807
Convert -1254b (base 12) to base 2.
-110000110001011
What is 441451 (base 7) in base 11?
53180
Convert -1011010010100011110110 (base 2) to base 10.
-2959606
10614 (base 13) to base 5
1421332
What is -1321230300 (base 4) in base 10?
-498480
What is 1120222221110 (base 3) in base 9?
1528843
20c369 (base 13) to base 14
160636
11562733 (base 8) to base 7
30445050
What is 25691 (base 12) in base 5?
3113320
What is -1d25a0 (base 15) in base 6?
-50315353
What is -630818 (base 9) in base 16?
-5b772
Convert -5266080 (base 9) to base 15.
-3aa460
Convert -4652362 (base 8) to base 12.
-511216
10ad26 (base 15) to base 8
3022666
-441a513 (base 12) to base 9
-26370436
Convert 2b838 (base 13) to base 3.
11012102112
Convert -36ded6 (base 16) to base 7.
-42364636
Convert 33a6328 (base 11) to base 3.
102012102110121
What is -136356 (base 13) in base 9?
-786650
What is -452525 (base 10) in base 4?
-1232132231
What is 37bb (base 14) in base 12?
57a1
a2599 (base 11) to base 4
210210121
What is 333110 (base 7) in base 3?
2222112102
What is 14120405 (base 6) in base 2?
1110100011110010101
-41347 (base 8) to base 6
-211143
Convert 21423323 (base 5) to base 11.
1178a1
What is -12125651 (base 9) in base 16?
-5a5d97
What is 3566347 (base 8) in base 11?
608999
100111022110220 (base 3) to base 9
10438426
Convert -208164 (base 10) to base 12.
-a0570
What is 1034220 (base 10) in base 7?
11535135
Convert 91454 (base 12) to base 5.
22021432
-29c23 (base 14) to base 15
-20bc6
What is -644176 (base 8) in base 16?
-3487e
Convert 21703 (base 16) to base 15.
2a8ad
134aa4 (base 11) to base 12
a2572
What is -101122212121 (base 3) in base 13?
-746a1
Convert -2124015 (base 7) to base 9.
-433270
-68936 (base 11) to base 14
-2843c
What is -62f10 (base 16) in base 4?
-1202330100
Convert 548545 (base 10) to base 12.
225541
-3151156 (base 7) to base 14
-9d3d6
Convert 5566132 (base 9) to base 10.
2996300
Convert -143104340 (base 5) to base 12.
-304220
What is -6548bb2 (base 12) in base 8?
-111356266
What is -726453 (base 8) in base 16?
-3ad2b
Convert 30023200 (base 5) to base 13.
83599
What is 1cba32 (base 15) in base 2?
101010111010101011001
33443055 (base 7) to base 6
142104433
What is -bef0 (base 16) in base 13?
-19330
What is -2040121 (base 6) in base 10?
-98545
-17223 (base 16) to base 5
-11013010
What is -73b765 (base 15) in base 16?
-5404f7
What is 203042032 (base 5) in base 2?
11001010110110101100
Convert -2355562 (base 7) to base 8.
-1111320
Convert 105512 (base 12) to base 4.
333002132
2032112301 (base 5) to base 2
1111111011100001001111
What is 110010110111011100000 (base 2) in base 14?
315600
Convert -23033110132 (base 4) to base 8.
-13172436
What is -81387 (base 10) in base 5?
-10101022
Convert -34205454 (base 7) to base 13.
-802c1a
Convert 102000001020102 (base 3) to base 11.
3333830
-100000011111001010010 (base 2) to base 15
-16063a
What is -94637 (base 11) in base 14?
-38351
Convert -2c3b7 (base 14) to base 10.
-110509
Convert -222405433 (base 6) to base 5.
-2013413030
Convert 100000110110011100 (base 2) to base 10.
134556
321030012 (base 4) to base 12
b3686
-1731864 (base 10) to base 13
-488394
Convert -624094 (base 10) to base 7.
-5206342
-1000011001010100100000 (base 2) to base 13
-5c09b3
1453294 (base 11) to base 14
48c8d6
Convert 767311 (base 8) to base 10.
257737
Convert -2932a0 (base 11) to base 4.
-1233313220
What is 68890 (base 10) in base 5?
4201030
Convert 463633 (base 7) to base 5.
10123411
Convert 1566211 (base 7) to base 12.
a637a
-13049 (base 14) to base 9
-71063
-439161 (base 11) to base 12
-29931a
Convert 4217135 (base 9) to base 4.
20212230113
Convert -1912437 (base 11) to base 15.
-43e9d2
What is 4064564 (base 7) in base 10?
486665
Convert c67b3 (base 13) to base 9.
604036
Convert 1a4cc (base 13) to base 9.
77423
-6303221 (base 9) to base 5
-1330240121
What is -385556 (base 9) in base 12?
-b3320
What is -363203 (base 10) in base 2?
-1011000101011000011
What is -1221100012221 (base 3) in base 10?
-1030237
What is 21112444 (base 5) in base 9?
287374
110011202120 (base 3) to base 6
5045323
What is -306463 (base 7) in base 15?
-1094a
Convert -10625 (base 8) to base 12.
-2731
Convert 1403222443 (base 5) to base 10.
3570373
245335334 (base 6) to bas